*r = -194, -z = 4*z - 4*r - 1014. List the prime factors of z.
2, 103
Let p be 2*(-2 - 2/(-4))/3. What are the prime factors of (-194)/p*(-15 + 16)?
2, 97
Let p = -8 + 11. Suppose p*u + f - 15 = -2*u, -2*f + 6 = 2*u. List the prime factors of -2 - -18 - (u + -5).
2, 3
Let c be (-43 + -1 + 3)*(3 + 1). What are the prime factors of -1 - (c - 0 - (0 + 2))?
3, 5, 11
Let r be (-8)/2 + -1 + -27. Suppose -195 = -8*g + 3*g. Let u = g + r. What are the prime factors of u?
7
Let w(i) = i**2 - 4*i + 12. Let z(u) = u**2 + u + 1. Let y be z(-2). List the prime factors of w(y).
3
Let b(p) be the second derivative of -p**4/12 + 13*p**3/6 + 3*p**2 + 6*p. What are the prime factors of b(7)?
2, 3
Suppose -11*m - 4037 = -31284. List the prime factors of m.
2477
List the prime factors of 1191*4*(-33)/(-99).
2, 397
Suppose -3*h - h - 120 = 0. Suppose -3*g - 388 = -7*g. Let i = g + h. What are the prime factors of i?
67
Let z = 25 + 4. Suppose 7*v - z = 6*v. What are the prime factors of v?
29
Let l(c) = 4*c - 24. Let y be l(7). Let r = y - -32. What are the prime factors of r?
2, 3
Let j(u) = -6*u - 1. Let n be (-1 + -1)*(3 + 1). Let s be j(n). Let o = 118 - s. List the prime factors of o.
71
Let o = -11 + 6. What are the prime factors of 5*(4 + (-12)/o)?
2
Suppose 0 = -y - 0 + 5. Suppose 4*r - 3*g = 28, 0 = -4*r + 3*r + y*g - 10. Let b(i) = -i**3 + 11*i**2 - 8*i - 12. List the prime factors of b(r).
2
Let m(a) = 31*a + 31. Suppose 2*k - 9 = -z, 2*k - 3*z = -0*z + 13. What are the prime factors of m(k)?
2, 3, 31
Let o = -5 - -1. Let r be 18/o*(-2)/3. Let a = 28 - r. What are the prime factors of a?
5
Suppose h = 2*h - i - 1, 0 = -2*h - 5*i + 16. Suppose 99 = h*u + 2*w - 170, 0 = -2*w + 2. What are the prime factors of u?
89
Let p(x) = -x**3 - 9*x**2 - 8*x + 6. Let y be p(-8). Let l(s) = -s + 9. Let m be l(y). Suppose m*r - 2 = 64. List the prime factors of r.
2, 11
Suppose 9*o - 147 = 6*o. Suppose -o = 2*l - 3*l. List the prime factors of l.
7
Let n = 993 - 662. What are the prime factors of n?
331
Suppose -m + 4*m + 4*k + 11 = 0, 2*m - 3*k - 4 = 0. Let i = 22 - m. What are the prime factors of i?
23
Let k be 3*(-7)/((-84)/32). Let f be -3 - 2/(-2)*k. What are the prime factors of f - (-3)/3*-2?
3
Let d(k) = -499*k + 247. List the prime factors of d(-3).
2, 109
Suppose n + 5*n - 726 = 0. What are the prime factors of n?
11
Let w = 3313 + -1004. List the prime factors of w.
2309
Let w = -51 - -80. Suppose -3*g - 27 = 3*o, 2*g - 4*o - o = 10. What are the prime factors of (-1)/(-5) - w/g?
2, 3
Let b = -236 + 150. List the prime factors of -1 - (b - 3/1).
2, 11
Suppose -6*x + 3*x = 3*m - 195, 179 = 3*x - m. Let d(q) = q**2 - x - q + 5*q + 72. List the prime factors of d(-8).
43
Suppose -23131 = -22*f + 20055. What are the prime factors of f?
13, 151
Suppose -518*a + 29592 = -510*a. List the prime factors of a.
3, 137
Suppose 10*x = 7*x + 18. Let u(a) = x*a - 2 - 6*a + 4*a. List the prime factors of u(4).
2, 7
Suppose -9*k + 16 = -5*k. Suppose 0 = k*f - 146 - 90. List the prime factors of f.
59
Let k(j) = 3*j**2 - 4*j - 7. Let p(g) = -g**3 + g**2 - 1. Let x(l) = -k(l) + p(l). Let h be x(-3). Suppose -h*c + 101 + 46 = 0. List the prime factors of c.
7
Let k(l) = -l**3 - 6*l**2 - 7*l - 6. Let y be k(-5). Suppose 5*r - 790 = -y*a, -4*a - 3*r - 222 = -1016. Suppose a = 5*f - 155. What are the prime factors of f?
71
Let k be ((-2)/6)/(6/(216/(-4))). Suppose 657 - 208 = 4*g + k*f, -g + 118 = -5*f. List the prime factors of g.
113
Suppose 3*k + 4*k - 28 = 0. Suppose k*i - 8*i = -444. What are the prime factors of i?
3, 37
Suppose -110*w = -102*w - 7800. What are the prime factors of w?
3, 5, 13
Let y = 2223 - 294. List the prime factors of y.
3, 643
Let u = 43 + -31. List the prime factors of -2 - (-312)/(u/3).
2, 19
Let h be 2/4*((-20)/5 + 8). Suppose 0*l - 159 = -3*l - 3*i, -h*i - 56 = -l. What are the prime factors of l?
2, 3
Suppose 46 = 5*w - 24. Suppose 1 + w = -s. What are the prime factors of s/45 + 166/3?
5, 11
Let a(n) = -n**3 + 22*n**2 - 23*n + 9. List the prime factors of a(10).
11, 89
List the prime factors of 3448 - (148/(-24) + 1/6).
2, 11, 157
Let k = 1 - -2. Suppose 0 = 5*j - k*y - 1045, 6*j - j = 5*y + 1045. Suppose -3*s - 3 = 0, -5*s + j = 5*d + 34. List the prime factors of d.
2, 3
Let n(s) = -s + 10. Let x be n(7). Let z(i) = 13*i**2 - x*i + 0*i**3 + i**3 + 11*i + 8 + 5. What are the prime factors of z(-12)?
61
Suppose -b = -2*p - 1 - 3, -2*b + 13 = -3*p. Suppose 3*c + 5*g + b = -20, 42 = -5*c - g. What are the prime factors of 1/4 - 110/c?
2, 7
Let b be 30/9*36/24. What are the prime factors of (102/b)/((-8)/(-60))?
3, 17
Let h(g) = g**2 + g + 7. Let o be h(-11). Suppose -4*t = -t + 6, 3*p + 3*t = o. List the prime factors of p.
41
Suppose f = 2*q + 1090, -5*f = -4*q + 1886 - 7306. List the prime factors of f.
2, 3, 5
Let y(k) = k + 11. Let u be y(-4). Let d be (-3)/((105/(-110))/u). Let l = 51 - d. What are the prime factors of l?
29
Let b(n) = n**3 + 17*n**2 - 104*n + 7. What are the prime factors of b(14)?
7, 661
Let y = 97 - 66. Suppose -2*h = 3*h. Suppose -n + h*n = -y. List the prime factors of n.
31
Let y(j) = 2*j**2 - 4*j + 23. Let l be y(4). Suppose -m - l = -140. List the prime factors of m.
101
Let r be (-1)/2 + ((-1)/(-2) - 1). List the prime factors of -72*(r/(-2) - 2).
2, 3
Suppose -21*t + 3110 = -17155. What are the prime factors of t?
5, 193
Let m = -51 - -111. Suppose -3*x - 6 = 0, -n = -5*x + 10 - m. Let t = n - 19. List the prime factors of t.
3, 7
Let k(q) = 14*q**2 + 3*q + 17. Let t be k(-5). Suppose 873 - 219 = 2*c + 2*h, 4*h = c - t. List the prime factors of c.
2, 83
Let i(n) = -n**3 - 18*n**2 - 59*n - 42. List the prime factors of i(-17).
2, 3, 7
Suppose 18*r - 13776 = 2*r. What are the prime factors of r?
3, 7, 41
Let u(f) = 6*f - 1. Let d be u(1). Suppose 86 = d*c - 134. What are the prime factors of c?
2, 11
Let o(s) = s**3 - 3*s**2 + 11*s - 6. Let d(v) = -2*v - 16. Let x be d(-12). Let l = 12 - x. What are the prime factors of o(l)?
2, 3
Suppose 3*g = u - 0*u + 21, 0 = -2*u - 3*g - 60. Let t(l) = 4*l - 170. Let f be t(42). List the prime factors of (f + 3)*u/(-1).
3
Suppose -m + 22 = 8. Suppose m*f - 216 = 8*f. List the prime factors of f.
2, 3
Let j = -9 + 9. Suppose j = 2*v + r - 7, -2*v = -7*v + 2*r + 13. Suppose 167 = 5*a - v*y, -a = 2*y - 6 - 17. What are the prime factors of a?
31
Suppose -7*h = 10 - 24. Let i(g) = -g**3 - 3*g**2 + 3*g - 1. Let c be i(-4). List the prime factors of 16/h*(-1 + c).
2
Suppose 0 = 3*y - 3*g - 168, -3*g - 67 = -4*y + 161. List the prime factors of y.
2, 3, 5
Let v be 0 + (-1 - -2) + 21. Let o = v + -20. Suppose o*m - 46 = 60. What are the prime factors of m?
53
Suppose 0 = -0*r - r + 4*i - 19, -4*r - 36 = 4*i. Let p = -10 - r. List the prime factors of (16/5)/(p/5).
2
Let o(a) = 201*a**3 + a**2 - 5*a - 4. What are the prime factors of o(3)?
5417
Suppose 4*s - 156 = 2*r, -5*s + 3*r + 172 + 22 = 0. Let j = 19 + s. List the prime factors of j.
59
Let b(k) = 80*k + 328. List the prime factors of b(40).
2, 3, 7
Suppose 7*q - 20*q = -15652. What are the prime factors of q?
2, 7, 43
Let p = -654 + 1580. What are the prime factors of p?
2, 463
Suppose -5*v + 3*k - 1355 = k, -792 = 3*v + 3*k. Let n = v + 402. What are the prime factors of n?
7, 19
Let w be ((-7)/(70/8))/(4/210). List the prime factors of 6/w + 876/7.
5
What are the prime factors of (6520 - 15)*2/5?
2, 1301
Suppose 0 = 6*u - 49 + 7. Suppose u*t - 904 = -29. List the prime factors of t.
5
Suppose 192 = 3*i + 591. Let u be 0 + -2 + (0 - i). Suppose 3*l - 2*h - u = 3, h = -4. List the prime factors of l.
2, 3, 7
List the prime factors of 6313 - -4*-2*(-3)/(-6).
3, 701
What are the prime factors of ((-29)/(-87))/(0 + 1/189)?
3, 7
Let d(y) = 3*y**2 + 17*y - 7. Let n be d(13). Suppose -n = h - 8*h. What are the prime factors of h?
103
Suppose 0 = -5*c + 5*x + 30, 3*x - 7*x + 12 = 0. List the prime factors of c.
3
Let d(s) = 6*s**2 - 22*s - 6. List the prime factors of d(9).
2, 3, 47
Let a = -375 - -220. Let b = -74 - a. What are the prime factors of b?
3
Let h(n) = -n**3 - 6*n**2 + 6*n - 1. Let y be h(3). Let l = y - -74. What are the prime factors of l?
2, 5
Let u = -221 + 351. Suppose 9*t = 7*t + u. What are the prime factors of t?
